mposite number?
False
Let b(w) = 12*w + 30. Let i be b(-3). Is (-1611)/i*((-8)/(-3))/2 composite?
True
Suppose -k + 1 - 7 = 4*f, -4*f = 4*k. Suppose 4*y = -3*r + 350, -3*r = 4*y + k*r - 346. Is y prime?
True
Let a(f) = -13*f + 21. Let p be a(-13). Suppose p = -9*w + 11*w. Is w a composite number?
True
Let o be 1895/3 - (-2)/6. Let v = o - -291. Is v prime?
False
Suppose 4*w - 3*f = 12, -2*w + 5*f = -1 + 9. Let h(p) = 89*p - 9. Let n be h(w). Let a = n - 80. Is a prime?
False
Let t = 182 - 97. Suppose x + x - 105 = -u, -5*u = 2*x - t. Is x a prime number?
False
Let p = -3543 + 19444. Is p a prime number?
True
Let b be (3/1)/(-1 - 0). Let z = 3 + b. Suppose s + z*x = -4*x + 199, 378 = 2*s + 3*x. Is s a composite number?
True
Let j(g) = 1257*g**3 - 2*g**2 - 2*g + 8. Is j(3) prime?
True
Let y(h) = -3*h**3 + 16*h**2 - 10*h + 8. Let a(q) = -10*q**3 + 48*q**2 - 31*q + 23. Let k(t) = -2*a(t) + 7*y(t). Suppose -5*f - 77 = -16*f. Is k(f) composite?
True
Suppose -6*n + 2*n = -12, -v - 5*n = -99. Suppose -v = -5*k + k. Suppose 5*f + k - 466 = 0. Is f a composite number?
False
Suppose 0 = 4*r + 2*r + 10596. Let h = -295 - r. Is h a composite number?
False
Let d be -2*12*(-21)/28. Let u = 1021 + d. Is u a prime number?
True
Suppose 2*x - 4 - 4 = 0. Suppose -x*s + 898 = 2*i, -2*i + 0*s = -5*s - 880. Is i prime?
False
Suppose 0 = -5*m + 5*j + 30, -2*j - 5 = 2*m + 3*m. Let f(w) = 53*w - 8*w + m + 3*w. Is f(1) a composite number?
True
Suppose 0 = 59*t - 56*t - 447. Is t composite?
False
Let a(g) = 4*g + 41. Let u(r) = -r**2 + 14*r - 34. Let y be u(6). Is a(y) composite?
False
Let z(c) = 2*c + 0*c - 1 + 8 - c. Let o be z(-5). Suppose 0 = -0*p + 2*p + o*j - 232, -j - 574 = -5*p. Is p prime?
False
Suppose -113397 = -5*g - 4*a + 2*a, 0 = -3*g + 4*a + 68059. Is g a composite number?
True
Suppose -105669 = -3*v + 84525. Is v a composite number?
True
Suppose k = 5*s + 2224, -5*s - 2216 = 2*k - k. Let i = 929 + s. Is i a composite number?
True
Suppose 0 = 3*x, -218193 = -11*m + 8*m + 2*x. Is m prime?
False
Let g(y) = -y**3 - 7*y**2 - 5*y + 9. Let r be g(-6). Suppose 0 = -4*f + r*f - 50. Is -74*(4 + f/4) a prime number?
False
Suppose 6*z - 57018 = 18168. Is z a prime number?
False
Let m(j) = -5209*j + 35. Is m(-2) prime?
True
Let v be -15*(-2)/6 + 3642. Let n = v + -90. Is n a composite number?
False
Let x(u) = -u + 12. Let n be x(-5). Suppose -14*r - 12 = -n*r. Suppose 2*p + 93 = 2*y - 23, -y + r*p = -58. Is y prime?
False
Let r = -5037 + 2360. Let i = r - -5046. Is i a prime number?
False
Let j = -9 + 9. Let x(w) = w**3 - w + 2. Let g be x(j). Suppose -4*h - o = g*o - 254, -5*h - 4*o = -317. Is h composite?
True
Suppose 0*j = j + 3*y - 38633, -5*y - 115927 = -3*j. Is j a prime number?
True
Let k(w) = -4*w - 12. Let m be k(15). Let d = -2 - 1. Is ((-58)/d)/((-16)/m) a prime number?
False
Suppose -8*d = -3*d - 620. Let m = d + -45. Is m a prime number?
True
Suppose -4*q - 6 = 2*v, 0 = 3*q + 8 + 1. Suppose v*x = -2*r - 216, 0 = -r - 3. Is (-20)/x - (-1830)/14 a prime number?
True
Let o = 2400 - -103. Is o composite?
False
Is ((-16706)/5)/((-2)/5) composite?
False
Suppose -3*j - 2*j - 179 = 3*p, 5*p - 2*j = -350. Let q(n) = -2*n - 3. Let f be q(13). Let g = f - p. Is g composite?
True
Let w(j) = 180*j - 17. Let y be w(5). Suppose 5*u + 904 = f - 0*u, 2*u - y = -f. Is f a composite number?
True
Let g be 4 - (-2)/(8/(-4)). Let m(t) = 2*t - 7. Let a be m(g). Is (-2 + -60 - -3)/a prime?
True
Suppose z = -2*w + 6877, 4*w = -0*w - 5*z + 13751. Let i = -440 + w. Is i composite?
False
Suppose -26*c - 40200 = -106526. Is c a composite number?
False
Let c(y) be the first derivative of 117*y**4/2 + y**2/2 + 15. Let f be (-1)/((-3 + 2)/1). Is c(f) a prime number?
False
Is (12/(-30))/((-328114)/109370 - -3) prime?
True
Is 1/3 + (-8894)/(-15)*5 a composite number?
True
Suppose 8*d - 6704 = 4*d. Is (1/2)/(2/d) prime?
True
Suppose o - 2*n - 4 - 17 = 0, 5*o = -n + 94. Let x(f) = -f**3 + 26*f**2 + 22*f + 12. Is x(o) a composite number?
False
Let v(c) = 184*c**2 + 11*c - 18. Is v(5) a prime number?
True
Let a(m) be the first derivative of -m**4/4 + 5*m**3 - 7*m**2 - 10*m - 6. Let q be a(14). Let n = q + 129. Is n composite?
True
Let v(x) = 12*x**2 - 10*x + 6. Let j(p) = 6*p**2 - 5*p + 3. Let l(z) = 9*j(z) - 4*v(z). Let c(q) = q**3 - 4*q**2 + 5*q - 2. Let u be c(3). Is l(u) composite?
False
Let h be (-709)/4*(-2 + -18). Suppose -5*p + 305 = -h. Suppose -2*w = -5*q - 104 - 219, -5*w = -5*q - p. Is w composite?
False
Let y = 14 + -12. Suppose -10 = 5*u, -y*q + 32 = 6*u - 3*u. Is q composite?
False
Let q = 19122 - 10981. Is q prime?
False
Let v = 217 + -142. Let s be 4 + 2/6*9. Suppose s*m - 12*m + v = 0. Is m prime?
False
Let l = -61 + 40. Let s(t) = -7*t + 44. Is s(l) prime?
True
Is (-96)/(-32)*(-85047)/(-9) prime?
True
Suppose 3*x = -4*d + 52757, 92*x + 10 = 90*x. Is d prime?
False
Suppose 3 = -3*j - 15. Let q be j/33 - (-184)/44. Let z(s) = 5*s + 1. Is z(q) prime?
False
Suppose -260816 = 56*o - 72*o. Is o a prime number?
True
Let l(r) = -r + 10. Let n be l(8). Suppose 7*k - 574 = 2*k - f, 0 = 4*k - n*f - 462. Suppose k - 20 = d. Is d composite?
True
Let w = 284298 - 201771. Is w a composite number?
True
Suppose 88*f - 81177 = 85*f. Is f composite?
False
Suppose 0 = -2*u + 5446 - 1020. Let k = u + -1426. Is k a prime number?
True
Let b(m) = -m**2 + 3*m - 4. Let f be b(0). Is 0 - ((-4 - f) + -205) composite?
True
Let k(x) = 164*x - 59. Is k(8) a composite number?
True
Suppose -8*x + 59613 = -14171. Is x prime?
False
Suppose -3*l + 5851 = k, 5*k = -2*l + k + 3914. Is l a composite number?
False
Let o(z) = 29*z - 69. Is o(8) a prime number?
True
Suppose -l - 508 = -2*c, c = 5*l - l + 240. Let v(u) = -201*u - 72. Let n be v(-2). Suppose 5*m + 314 = 5*h - c, 0 = 3*h + m - n. Is h composite?
True
Let j(r) = 18*r + 7. Suppose -4*b + 4*g - 5*g + 105 = 0, 4*b - 5*g - 75 = 0. Suppose -4*i - i = 5*k - b, -4*k + 13 = -3*i. Is j(k) a prime number?
True
Suppose -2*t = 5*g + 25793, -5*g + t - 20624 = -g. Let q = -2920 - g. Is q prime?
True
Let l(i) = 24*i**2 + 33*i - 193. Is l(32) a prime number?
True
Let u be (1/3 - 136/48)*-2. Suppose u*n = m - 70, 2*m - 4*n + 0*n - 158 = 0. Is m a prime number?
False
Suppose 0 = 7*p - 4*p + 12. Is (-58926)/(-28) + 1/(p/6) a prime number?
False
Suppose -2*c = -2*j - c + 12132, -2*j = 2*c - 12138. Is j a prime number?
True
Suppose 3*x - 6*x = 5478. Let y = 0 - 3. Is x/(-33) - (-1)/y composite?
True
Let q(c) = c**2 + 6*c. Let g be q(-7). Let r be 2/g - 1839/(-7). Suppose -250 = -2*i + 2*p + 244, -r = -i - 3*p. Is i a prime number?
True
Let d be (10/(-8) - -1) + 399/12. Suppose 35*f - 9482 = d*f. Is f a prime number?
False
Suppose -2*t + 5*t + 1866 = 0. Suppose r + 5*z = -276, -5*z - 567 = -7*r + 9*r. Let v = r - t. Is v a prime number?
True
Let p be ((-21)/(-14) - 7)/(1/(-376)). Suppose -p = -5*x + x. Is x composite?
True
Let l(o) = -2*o + o**2 + 26*o**2 + 0*o - 4*o - 2. Is l(3) a composite number?
False
Let g(p) = p**3 + 6*p**2 - 9*p + 5. Let h = 18 + -27. Let i be g(h). Let l = i - -348. Is l prime?
True
Suppose 2*x - 127 = 221. Suppose 5*h - x = 151. Is h prime?
False
Suppose -5*a + 11633 = 2*v - 4594, 3*a - 4*v - 9757 = 0. Is a composite?
True
Suppose -4*a + 260 = -0*a. Let l = 102 - a. Is l composite?
False
Suppose 3*g + 698 = 1745. Suppose -g = -3*n + 104. Suppose 774 = 7*k + n. Is k a prime number?
True
Suppose -73612 + 224598 = 22*u. Is u a composite number?
False
Suppose -3*i + 22 = -i. Suppose -i*m + 11611 = 3504. Is m composite?
True
Let i be (-730)/(-4)*(-8)/(-10). Suppose -i = -4*y - 2*m + 178, 2*m + 86 = y. Is y composite?
True
Let z(x) = -x**3 + 29*x**2 - 4*x - 11. Is z(17) composite?
False
Let o = 2597 - -389. Suppose -2178 = -4*a + o. Is a composite?
False
Suppose -11*g = -7*g. Let a = g + -9. Let k(c) = 3*c**2 + c - 1. Is k(a) composite?
False
Suppose 74*f = 77*f. Suppose -2*h + 2954 = 2*o, f = -3*h + 4*h + 4. Is o prime?
True
Let p(f) = 30*f**3 - 36*f**2 + 15*f - 20. Is p(11) composite?
True
Let u be 1*(-4)/4*10. Let v be (-1 + -3 - u) + -4. Suppose n - 4*h = 797, -v*n + 474 = -2*h - 1120. Is n prime?
True
Is (32 - 1)/(171/79857) composite?
True
Let x(k) = k**3 + k**2 - 1. Let o(v) = -8*v**3 - 10*v**2 + 3*v - 3. Let i(u) = -o(u) - 5*x(u). Let c be i